+ 17*s - 1. Is x(5) prime?
False
Suppose 3*v - 35536 = -4*x + 1809, 4*x - v - 37349 = 0. Suppose x = 4*z + 1461. Is z a prime number?
False
Suppose 9*u - 14*u + 290 = 0. Let z = u + -9. Is z prime?
False
Suppose -348281 = -43*t + 6*t. Is t a composite number?
False
Let t(d) = 28*d**3 + 19*d**2 + 11*d + 5. Let r(g) = -14*g**3 - 10*g**2 - 6*g - 3. Let l(f) = 11*r(f) + 6*t(f). Is l(5) a prime number?
True
Let k(z) = 5*z**2 - 24*z + 11*z**2 + z**3 - 5 - 1. Is k(-17) a prime number?
True
Suppose -i - 3*i + 4 = 0. Let u(a) = 0*a + i + 214*a**2 + 93*a**2 - a. Is u(1) prime?
True
Suppose 4*g - g = -3*z + 3, -3*g = 9. Let m = -1 - -5. Suppose -4*j + 404 = -m*p, -p - 114 = -z*j + 278. Is j composite?
False
Let r = -65 - -114. Let o = r - 11. Let u = 229 - o. Is u prime?
True
Let o be 12/(-8)*(1 - -7). Let t be -4*9/o - -6. Is (-3)/2*(-138)/t composite?
False
Let u(i) = 5*i**2 + 44*i + 227. Is u(-26) composite?
True
Let w(q) = 36*q + 127. Is w(23) a composite number?
True
Suppose 3*y - 1860 = y. Let j = y - 595. Is j a prime number?
False
Let y(g) = -7*g - 21. Let q be y(-3). Suppose q*u - 3*u = -957. Is u a prime number?
False
Let n be (-1 - -4 - 0)*-1. Let y be n - (-2 + 1 + 4). Let s(d) = 5*d**2 + 4*d - 7. Is s(y) a prime number?
True
Suppose -s = -0*s + 82. Let f = -43 + 190. Let h = f + s. Is h composite?
True
Is (1/(-2))/(((-1)/(-29038))/(-1)) a prime number?
True
Let b(o) = o**3 - 6*o**2 - 5*o - 11. Suppose -3*v + 0*v + 5*s = -5, -2*v + 5 = -5*s. Suppose 0 = 3*i - 3, -3*x + 4*x + 5*i - 13 = v. Is b(x) prime?
False
Let s(b) = 11*b**2 - 4*b + 2. Let a be s(2). Suppose 0 = a*y - 43*y + 14695. Is y prime?
True
Let w(a) = 7*a + 0*a**3 - 3 + 4*a**3 - 6*a**2 - 5*a**3 + 0*a**3. Is w(-8) composite?
True
Is (-84)/(-14) + (-13135)/(-1) prime?
False
Let j be 43064/70 - 2/10. Is -2*(-3 - j/6) composite?
False
Let s(v) = -v - 13. Let n be s(-15). Suppose -6 = -n*f + 4. Suppose -w - 764 = -f*w. Is w a prime number?
True
Let c be (0 - 2)*4/8. Let w = 1 - c. Let u(y) = 5*y**3 + 3*y**2 - 4*y + 2. Is u(w) a composite number?
True
Suppose 5*h + 5*n - 41235 = 0, 14825 + 18159 = 4*h + 5*n. Is h a prime number?
False
Let v(j) = 311*j - 12. Is v(5) composite?
False
Suppose 571745 - 102728 = 27*j. Is j composite?
True
Suppose 0 = l - 6 - 2. Suppose 5*d - l*d - 114 = 0. Is d*2*(-3)/12 a prime number?
True
Suppose 0 = 5*f - 3*s - 153845, 2*f + 29*s - 24*s - 61538 = 0. Is f composite?
True
Let o(a) = a**3 + 13*a**2 - a + 4. Let t be o(-13). Is ((-11 - -11) + t*1)*2 a prime number?
False
Let s(l) = 2*l + 57. Let z(t) = -t**2 - 2*t - 56. Let c(r) = -4*s(r) - 3*z(r). Is c(-19) prime?
True
Suppose -3*v = -v - 10. Let b(x) = 3*x**2 - 4*x - 9. Is b(v) a composite number?
True
Let w be (1 - 2)*34*-8. Let l = 191 - w. Is (-2578)/(-18) + 18/l a composite number?
True
Suppose -3*i = i - 3*u - 32, -4*u - 16 = 0. Suppose -3*s - i*d = -5768, -9610 = -5*s - 0*s - 5*d. Is s a composite number?
True
Let c = 1868 - 637. Suppose -u + 3*b = -c, 5*b = -2*u - u + 3637. Is u a composite number?
True
Let s(p) = -2*p + 53. Let y = -1 - -1. Is s(y) composite?
False
Suppose -k = 7 - 8. Is (k - -36)/(18/198) composite?
True
Let z be 1 + 3 - (-2 + 1). Suppose -f + 0*l = -3*l, -z*f + l = -14. Suppose -47 = -4*s + i, 4*s + i = -f*i + 32. Is s composite?
False
Suppose 4*l = a - 337, -6*a = -2*a + 2*l - 1384. Let x = a - 131. Is x a composite number?
True
Suppose -4 = 5*f + 1, -5*w - 3*f = -37. Let c be ((-188)/w)/((-2)/40). Let q = -207 + c. Is q prime?
True
Suppose -5*u - 32 = -u. Let j(c) = -313*c**2 - 12*c - 11 + 157*c**2 + 157*c**2. Is j(u) a prime number?
True
Suppose b - 4 = 0, -19*c + 16*c + 4*b = -1625. Is c a composite number?
False
Let c = -3 - -6. Let v(g) = -8 - 9*g**3 + 8*g + c - 11*g**2 + 10*g**3. Is v(11) a prime number?
True
Suppose -8 = -5*u + 17. Let n(v) be the second derivative of -v**5/20 + v**4/2 + v**3/2 - 3*v**2/2 - 54*v. Is n(u) a prime number?
True
Let q(j) = -46360*j**3 + 305*j**2 + 305*j. Let v(p) = 305*p**3 - 2*p**2 - 2*p. Let a(y) = 2*q(y) + 305*v(y). Is a(1) composite?
True
Let p be 30979/(-26)*1*4. Is 1*(-3)/18 + p/(-12) prime?
True
Let o = 2669 + -1748. Let z = -502 + o. Is z a prime number?
True
Let x(o) = 39*o - 22*o - 22*o + 9. Is x(-14) composite?
False
Suppose 0 = 5*g - 2*s - 9151, -2*g - 1817 = -3*g - 4*s. Is g prime?
False
Let z(n) = n**2 + 2*n - 4. Let o be z(-4). Suppose 5*l + 4*b = 2 + 15, -o*l + 22 = -b. Suppose w = -5*y + 270, -6*y + l*w = -y - 300. Is y composite?
True
Let u(x) = -268*x - 1. Let z be u(5). Suppose -17*p = 19683 - 3873. Let f = p - z. Is f a composite number?
True
Let l = 930 - -828. Suppose -5*o + 857 = 5*v - l, 5*o + 2*v = 2609. Is o a composite number?
False
Let t(c) = -3*c**3 - c**2 + 5*c. Let m be t(-4). Suppose -237 = 8*z - 5*z. Let p = m + z. Is p a composite number?
True
Let u = -3707 - -6474. Is u a prime number?
True
Let k be (-3 + 3)/(3*-1). Suppose k = -4*r, r = -3*i - r + 3. Is -2 + 70 + (0 - i) a composite number?
False
Let w(n) = 7*n**3 + n**2 + n - 1. Let r be w(1). Suppose c + c = r. Suppose c*x - 2*z - z - 347 = 0, 430 = 5*x - 5*z. Is x a composite number?
False
Is 175296/128 - (0 - 10/(-4)) prime?
True
Suppose -7*s + 40569 = 5184. Let r = s - 3154. Is r prime?
True
Suppose 4*o - 14281 = 5*u - 4*u, o - 2*u - 3579 = 0. Is o prime?
False
Suppose 0 = 2*f - y - 22056, 0 = f - 266*y + 261*y - 11019. Is f a composite number?
True
Let q(j) = -193*j**3 + 4*j**2 + 8*j + 2. Let h(y) = -129*y**3 + 3*y**2 + 5*y + 1. Let i(d) = -7*h(d) + 5*q(d). Is i(-4) composite?
True
Let g(u) = -u**3 + 14*u**2 + 13*u + 33. Let j be g(15). Suppose -j*h + 3834 = -1137. Is h a prime number?
True
Let n(j) = j + 12. Suppose 0 = s + 2*s + 2*r - 10, 5*r - 8 = s. Suppose -4*z = s*v + 22, -5*z + 31 = -5*v + v. Is n(v) a composite number?
False
Suppose 2*h = -5*g + 2 + 93, -2*g + h + 29 = 0. Suppose -22*d + 2785 = -g*d. Is d a composite number?
False
Let u be (-8)/(-10)*(-3 - -13). Is ((-933)/6)/(u/(-112)) prime?
False
Let u(v) = -3*v**2 + v - 7. Let d(s) = -13*s**2 + 5*s - 28. Let k(z) = 2*d(z) - 9*u(z). Is k(-6) composite?
False
Suppose -107236 = -9*a + 137987. Is a composite?
True
Suppose -312 - 138 = -2*s. Let r = s + 44. Is r prime?
True
Let s = -64 - -35. Suppose 5*a - 439 - 61 = 0. Let n = a + s. Is n composite?
False
Suppose 5*f + 28 - 38 = 0. Suppose 3*k + 2486 = f*y, 3*y - 2*k - k = 3735. Is y a composite number?
False
Suppose m + 3*m + 4 = -l, 5*l + 20 = 4*m. Let x = 39 - m. Is x a prime number?
False
Let n be 3278/7 - 4/14. Suppose 2*i = -i + n. Suppose 2*w - 3*o - i + 34 = 0, 5*w + 4*o = 282. Is w a composite number?
True
Suppose -2*y - 8 = h, 5*h + 0*y = 5*y + 20. Suppose -3*m + 4336 - 883 = h. Is m prime?
True
Let t be (-5 - -2) + 717 + -1. Let l = t + -418. Is l composite?
True
Let x be 5/(2 - -3)*2. Is 11*(x - 105/(-5)) composite?
True
Suppose s = -4 - 2. Let a be s/2 + -1*92. Let f = a + 162. Is f composite?
False
Suppose -3*d + 18 = 2*s, -d - 5*s = 11 - 30. Suppose 20 = d*p - 0*p. Suppose 3*m = -5*y + 533, -4*y + p*m - 243 = -699. Is y composite?
False
Suppose 7 = 4*w + 43. Let n be 8/(-36) + (-2918)/w. Suppose -n = -4*r - 56. Is r a composite number?
False
Suppose 3*k + 884 = 7*k - 4*i, 3*i + 6 = 0. Suppose 2*l - 23 - k = 0. Is l a prime number?
False
Let r(v) = -3058*v**2 + v - 1. Let i be r(1). Let j = -2097 - i. Is j a composite number?
True
Let o(f) = -2*f**2 + 4*f + 2371. Is o(0) prime?
True
Suppose -46*w = 3*r - 42*w + 1434, r + 2*w + 480 = 0. Let g be 1*(-173 + (0 - 0)). Let d = g - r. Is d prime?
False
Suppose d = 4, g = -8*d + 9*d - 2. Suppose 0 = -3*b - g*m + 14335, -2*b + 4*m + 9578 = -0*b. Is b composite?
True
Let c be (-1 + 13)*(-5)/((-20)/1676). Suppose -c = -3*m - 9*m. Is m composite?
False
Suppose -196 = -2*b + 44. Let d be 8/(-3 - (-362)/b). Suppose 3*n + d = 1341. Is n composite?
True
Let z(o) = 0*o + 1425*o**3 - 2 + 4 - o - 1423*o**3. Let v = 3 + 0. Is z(v) a prime number?
True
Let a be -2*3/6 + -1. Let i be (-9 - -1680)*a/(-6). Suppose -4*j + 0*v + i = 5*v, -4*j + 3*v + 581 = 0. Is j prime?
False
Let t be -16719*((-1)/2)/((-9)/(-6)). Suppose 3*c = 5*k - t + 1671, 0 = -4*k - 3*c + 3127. Is k a prime number?
False
Let c(d) = d - 1. Let u be c(12). Suppose -5*a - 1 = -3*h + u, 3*h = 4*a + 12. Suppose a = -j + 3*j - 106. I